 factor of 3633318070?
False
Does 151 divide 31327457?
False
Is 863082013 a multiple of 5993?
False
Is 1425 a factor of 26401515?
False
Is 1276590750 a multiple of 25?
True
Is 168454573 a multiple of 4039?
True
Is 130712938 a multiple of 51?
False
Does 675 divide 97976191?
False
Is 313 a factor of 6107939592?
True
Is 17 a factor of 1680891?
False
Does 4 divide 1496268879?
False
Is 1441 a factor of 120956870?
False
Is 18 a factor of 961551990?
True
Does 5 divide 66231715?
True
Is 86 a factor of 1463055520?
False
Is 15 a factor of 7036440?
True
Is 76 a factor of 158606680?
True
Does 1277 divide 2131379879?
False
Does 135 divide 1909128891?
False
Does 2240 divide 800725848?
False
Is 160500938 a multiple of 50?
False
Is 76675904 a multiple of 41?
True
Does 82 divide 19453357?
False
Does 21 divide 53817555?
False
Is 3314512 a multiple of 76?
True
Does 897 divide 1207145270?
False
Is 882 a factor of 79647277?
False
Is 2781597 a multiple of 588?
False
Does 18 divide 58780484?
False
Does 113 divide 46885233?
False
Is 34820474 a multiple of 58?
True
Is 485 a factor of 10550205?
True
Is 10829442 a multiple of 3?
True
Is 22 a factor of 245921896?
True
Is 114 a factor of 29680926?
True
Does 1633 divide 16229859?
False
Is 1064504165 a multiple of 94?
False
Is 32519193 a multiple of 147?
True
Does 3 divide 12017667?
True
Is 144 a factor of 1255054?
False
Does 168 divide 26242106?
False
Is 7 a factor of 1861818?
True
Is 84442237 a multiple of 192?
False
Does 3103 divide 2149788757?
False
Is 419 a factor of 41023272?
False
Is 1909211742 a multiple of 1510?
False
Does 33 divide 1245134286?
True
Is 557575680 a multiple of 192?
True
Does 2590 divide 31903620?
True
Is 37 a factor of 114345896?
False
Is 296411280 a multiple of 121?
True
Is 483241675 a multiple of 1504?
False
Does 2829 divide 153343559?
False
Is 2372645657 a multiple of 4037?
False
Is 340 a factor of 174488144?
False
Is 3357 a factor of 58132179?
False
Does 41 divide 64975775?
True
Is 1707149860 a multiple of 85?
True
Is 21222454 a multiple of 859?
True
Does 688 divide 13014476?
False
Does 186 divide 142847256?
True
Is 196422356 a multiple of 1242?
False
Is 9517539 a multiple of 25?
False
Is 24830112 a multiple of 247?
False
Is 1890160620 a multiple of 60?
True
Is 627 a factor of 3113055?
True
Is 39183176 a multiple of 58?
True
Does 9 divide 159782499?
True
Is 53 a factor of 2148523911?
True
Is 106094363 a multiple of 96?
False
Does 8 divide 29857410?
False
Does 2667 divide 310773678?
False
Does 68 divide 44914058?
False
Is 73768184 a multiple of 356?
True
Is 95 a factor of 39934960?
True
Is 2495694950 a multiple of 511?
False
Is 1126 a factor of 461107134?
True
Does 6436 divide 463143577?
False
Does 1763 divide 66024350?
True
Is 601 a factor of 250932890?
False
Is 2655 a factor of 4645745?
False
Is 1541445360 a multiple of 866?
True
Does 196 divide 141412824?
True
Does 69 divide 18474542?
False
Is 30560303 a multiple of 155?
False
Is 48 a factor of 1308775575?
False
Is 136 a factor of 10032341?
False
Is 10499723 a multiple of 9?
False
Is 286 a factor of 305874555?
False
Is 97 a factor of 11549510?
False
Is 137 a factor of 2536099922?
False
Does 52 divide 62625316?
True
Is 31 a factor of 25976463?
False
Does 209 divide 162499590?
True
Is 329882410 a multiple of 22?
True
Is 99 a factor of 2591525445?
False
Does 14319 divide 2680638322?
False
Does 528 divide 15679819?
False
Is 9 a factor of 599575860?
True
Is 1558 a factor of 3255931134?
False
Does 1993 divide 53636970?
False
Is 47693732 a multiple of 4?
True
Does 35 divide 388836875?
True
Is 531415764 a multiple of 9636?
True
Is 9 a factor of 22382703?
True
Is 2932952625 a multiple of 14841?
True
Is 355334158 a multiple of 115?
False
Is 29 a factor of 254762122?
False
Is 10 a factor of 536370999?
False
Is 299 a factor of 28813434?
True
Does 13 divide 791167563?
False
Does 23 divide 59728309?
True
Does 10 divide 471095?
False
Does 297 divide 47896383?
False
Is 27166139 a multiple of 351?
False
Is 52275475 a multiple of 59?
True
Is 32114130 a multiple of 10?
True
Does 15 divide 2166063645?
True
Does 15 divide 252757095?
True
Does 3962 divide 856540818?
True
Is 1514982230 a multiple of 247?
False
Is 1562240343 a multiple of 420?
False
Is 16738832 a multiple of 3?
False
Does 120 divide 6543313?
False
Is 2825497221 a multiple of 329?
False
Is 649507536 a multiple of 9?
True
Is 8 a factor of 23627474?
False
Does 9 divide 9936739?
False
Is 50 a factor of 283322300?
True
Does 967 divide 251889079?
False
Does 13 divide 18523759?
False
Is 282139960 a multiple of 872?
True
Does 15 divide 209057536?
False
Is 284666215 a multiple of 1119?
False
Is 339 a factor of 107125315?
False
Is 15 a factor of 412753?
False
Is 94855254 a multiple of 136?
False
Is 30974711 a multiple of 36?
False
Is 405867131 a multiple of 98?
False
Does 5 divide 330644660?
True
Does 68 divide 65572052?
False
Is 46692254 a multiple of 322?
True
Does 221 divide 316116345?
False
Is 1147839075 a multiple of 369?
True
Is 32 a factor of 12999552?
True
Is 271 a factor of 311566?
False
Does 11493 divide 2290824169?
False
Is 21 a factor of 83300540?
False
Is 4296232637 a multiple of 83?
True
Does 455 divide 1584662625?
True
Is 14 a factor of 29868375?
False
Is 266 a factor of 451791690?
True
Is 69 a factor of 72093439?
False
Is 242178059 even?
False
Is 107289776 a multiple of 22?
True
Is 177444708 a multiple of 6573?
True
Is 635 a factor of 43099990?
True
Is 7833 a factor of 3248423430?
True
Does 60 divide 59776320?
True
Does 9 divide 972966615?
False
Is 4010945400 a multiple of 280?
True
Does 12 divide 143879688?
True
Is 30599036 a multiple of 786?
False
Is 59025593 a multiple of 67?
True
Does 1915 divide 2813881850?
True
Is 45958336 a multiple of 16?
True
Does 40 divide 27455720?
True
Is 58 a factor of 18597581?
False
Is 9 a factor of 14389109?
False
Does 684 divide 41035430?
False
Is 18 a factor of 61537902?
False
Is 478940904 a multiple of 18?
True
Does 244 divide 3256747788?
True
Does 308 divide 54881288?
True
Is 475 a factor of 29218102?
False
Is 6853 a factor of 565418561?
False
Is 95078707 a multiple of 5?
False
Is 1429 a factor of 59585013?
True
Does 179 divide 708615892?
True
Is 15087780 a multiple of 3076?
True
Does 5 divide 73244285?
True
Does 78 divide 2515528626?
True
Does 1771 divide 36718143?
True
Does 1008 divide 413141904?
True
Is 418 a factor of 3284644?
True
Is 60097324 a multiple of 39?
False
Is 13 a factor of 39055835?
True
Is 4062339188 a multiple of 7265?
False
Does 65 divide 686514010?
True
Is 9 a factor of 2173796734?
False
Is 20 a factor of 63701992?
False
Is 43054917 a multiple of 150?
False
Is 168471565 a multiple of 6?
False
Is 46 a factor of 771358985?
False
Does 150 divide 31577993?
False
Is 439597991 a multiple of 34?
False
Is 14 a factor of 16313668?
True
Does 5 divide 71503589?
False
Does 844 divide 556566513?
False
Is 429 a factor of 7646782?
False
Is 3045768651 a multiple of 951?
True
Is 5716287 a multiple of 2?
False
Does 301 divide 526148?
True
Is 538 a factor of 3942003520?
False
Is 299 a factor of 12915604?
True
Is 1647307111 a multiple of 43?
False
Does 3080 divide 77391160?
True
Does 913 divide 1290723009?
False
Is 3721351825 a multiple of 19?
False
Is 2152158 even?
True
Is 264 a factor of 2503715?
False
Is 90 a factor of 51498090?
True
Is 586174947 a multiple of 59?
False
Does 48 divide 10756560?
True
Does 691 divide 23384404?
False
Is 449244736 a multiple of 86?
True
Is 133 a factor of 9259305?
False
Is 7 a factor of 1362431?
True
Is 786412875 a multiple of 9707?
False
Does 36 divide 29799553?
False
Is 3 a factor of 128701770?
True
Is 3704012 a multiple of 92?
True
Does 1799 divide 97300205?
False
Is 51692515 a multiple of 904?
False
Is 1108665795 a multiple of 435?
True
Does 1340 divide 184356476?
False
Is 287131845 a multiple of 2206?
False
Is 50102967 a multiple of 126?
False
Is 824 a factor of 74073480?
True
Is 45873583 a multiple of 217?
True
Does 10 divide 276640580?
True
Is 5361921 a multiple of 69?
True
Is 341 a factor of 230405617?
False
Is 12362995 a multiple of 85?
True
Is 14 a factor of 401268493?
False
Is 168 a factor of 420581946?
False
Is 394 a factor of 3228830?
True
Does 319 divide 43489437?
False
Does 4 divide 4263444?
True
Is 70 a f